he remainder when 1731 is divided by 589.
553
Calculate the remainder when 21554 is divided by 9.
8
Calculate the remainder when 46273 is divided by 48.
1
Calculate the remainder when 125034 is divided by 30.
24
What is the remainder when 621779 is divided by 258?
257
What is the remainder when 14754 is divided by 1043?
152
What is the remainder when 98772 is divided by 8231?
0
Calculate the remainder when 405600 is divided by 723.
720
What is the remainder when 57384 is divided by 438?
6
Calculate the remainder when 5025 is divided by 54.
3
What is the remainder when 3700 is divided by 321?
169
Calculate the remainder when 107287 is divided by 26815.
27
Calculate the remainder when 419499 is divided by 41949.
9
What is the remainder when 4984 is divided by 31?
24
Calculate the remainder when 2379 is divided by 475.
4
Calculate the remainder when 229335 is divided by 263.
262
What is the remainder when 6507 is divided by 35?
32
What is the remainder when 126709 is divided by 802?
795
What is the remainder when 2469 is divided by 118?
109
What is the remainder when 91639 is divided by 98?
9
Calculate the remainder when 110528 is divided by 196.
180
What is the remainder when 131554 is divided by 141?
1
Calculate the remainder when 194 is divided by 67.
60
What is the remainder when 22432 is divided by 5585?
92
Calculate the remainder when 58942 is divided by 7362.
46
Calculate the remainder when 28000 is divided by 9284.
148
What is the remainder when 945 is divided by 801?
144
What is the remainder when 125883 is divided by 85?
83
What is the remainder when 13756 is divided by 2738?
66
What is the remainder when 1962 is divided by 5?
2
What is the remainder when 6124 is divided by 1707?
1003
Calculate the remainder when 301 is divided by 17.
12
What is the remainder when 57720 is divided by 31?
29
What is the remainder when 768147 is divided by 116?
111
Calculate the remainder when 1321 is divided by 659.
3
What is the remainder when 80140 is divided by 106?
4
Calculate the remainder when 2233331 is divided by 1116661.
9
Calculate the remainder when 17793 is divided by 91.
48
Calculate the remainder when 635197 is divided by 2049.
7
Calculate the remainder when 356812 is divided by 16.
12
Calculate the remainder when 28157 is divided by 9356.
89
What is the remainder when 30079 is divided by 15029?
21
Calculate the remainder when 7997 is divided by 1332.
5
Calculate the remainder when 103843 is divided by 99.
91
What is the remainder when 581646 is divided by 346?
20
What is the remainder when 8232 is divided by 549?
546
What is the remainder when 5393 is divided by 490?
3
What is the remainder when 146650 is divided by 780?
10
What is the remainder when 22040 is divided by 1830?
80
Calculate the remainder when 1667 is divided by 30.
17
What is the remainder when 20832 is divided by 1224?
24
Calculate the remainder when 3602 is divided by 2601.
1001
What is the remainder when 1075207 is divided by 5?
2
Calculate the remainder when 39015 is divided by 402.
21
What is the remainder when 29379 is divided by 482?
459
What is the remainder when 28238 is divided by 112?
14
Calculate the remainder when 956 is divided by 318.
2
What is the remainder when 82367 is divided by 176?
175
Calculate the remainder when 12109 is divided by 1023.
856
Calculate the remainder when 1153 is divided by 297.
262
Calculate the remainder when 13850 is divided by 1064.
18
What is the remainder when 17419 is divided by 474?
355
Calculate the remainder when 19707 is divided by 101.
12
Calculate the remainder when 89632 is divided by 2298.
10
What is the remainder when 3963 is divided by 121?
91
What is the remainder when 98899 is divided by 333?
331
What is the remainder when 5114 is divided by 849?
20
Calculate the remainder when 7381 is divided by 44.
33
Calculate the remainder when 23897 is divided by 42.
41
Calculate the remainder when 302542 is divided by 22.
20
What is the remainder when 42952 is divided by 54?
22
Calculate the remainder when 4664 is divided by 325.
114
What is the remainder when 97905 is divided by 398?
395
What is the remainder when 31495 is divided by 90?
85
What is the remainder when 689138 is divided by 229711?
5
What is the remainder when 9539 is divided by 4?
3
What is the remainder when 6438 is divided by 3211?
16
Calculate the remainder when 1668 is divided by 517.
117
What is the remainder when 80842 is divided by 647?
614
What is the remainder when 97414 is divided by 11?
9
What is the remainder when 3060 is divided by 707?
232
What is the remainder when 1357232 is divided by 177?
173
Calculate the remainder when 3843 is divided by 274.
7
What is the remainder when 1340 is divided by 136?
116
Calculate the remainder when 19285 is divided by 6401.
82
What is the remainder when 4908 is divided by 31?
10
What is the remainder when 142520 is divided by 378?
14
What is the remainder when 1690 is divided by 186?
16
What is the remainder when 5358 is divided by 534?
18
Calculate the remainder when 29312 is divided by 2252.
36
What is the remainder when 147486 is divided by 18?
12
What is the remainder when 914 is divided by 281?
71
What is the remainder when 7780 is divided by 1278?
112
Calculate the remainder when 3428 is divided by 3418.
10
Calculate the remainder when 3469 is divided by 443.
368
What is the remainder when 612 is divided by 32?
4
What is the remainder when 5149 is divided by 290?
219
What is the remainder when 1469 is divided by 59?
53
Calculate the remainder when 751 is divided by 144.
31
What is the remainder when 12722 is divided by 665?
87
What is the remainder when 3638 is divided by 1798?
42
What is the remainder when 2437 is divided by 803?
28
Calculate the remainder when 1963 is divided by 425.
263
What is the remainder when 1816 is divided by 217?
80
What is the remainder when 1167 is divided by 264?
111
Calculate the remainder when 1277 is divided by 482.
313
Calculate the remainder when 79406 is divided by 361.
347
What is the remainder when 326044 is divided by 81506?
20
Calculate the remainder when 1986 is divided by 52.
10
Calculate the remainder when 13746 is divided by 528.
18
What is the remainder when 151253 is divided by 1210?
3
Calculate the remainder when 24526 is divided by 414.
100
What is the remainder when 21387 is divided by 3011?
310
Calculate the remainder when 26306 is divided by 674.
20
Calculate the remainder when 8311 is divided by 763.
681
Calculate the remainder when 587 is divided by 369.
218
Calculate the remainder when 7370 is divided by 275.
220
What is the remainder when 24376 is divided by 3047?
0
What is the remainder when 14347 is divided by 220?
47
What is the remainder when 124 is divided by 91?
33
Calculate the remainder when 32247 is divided by 8045.
67
What is the remainder when 352 is divided by 352?
0
What is the remainder when 244112 is divided by 28?
8
Calculate the remainder when 3349 is divided by 1670.
9
What is the remainder when 929051 is divided by 78?
71
What is the remainder when 914073 is divided by 82?
19
Calculate the remainder when 18108 is divided by 603.
18
Calculate the remainder when 685150 is divided by 37.
21
Calculate the remainder when 25743 is divided by 573.
531
What is the remainder when 604 is divided by 412?
192
What is the remainder when 333 is divided by 100?
33
What is the remainder when 2001 is divided by 685?
631
What is the remainder when 1008 is divided by 222?
120
Calculate the remainder when 291346 is divided by 47.
40
What is the remainder when 305 is divided by 227?
78
What is the remainder when 14055 is divided by 740?
735
Calculate the remainder when 29053 is divided by 62.
37
Calculate the remainder when 2377 is divided by 2374.
3
What is the remainder when 7741 is divided by 773?
11
What is the remainder when 11782 is divided by 655?
647
Calculate the remainder when 6099967 is divided by 1036.
1035
What is the remainder when 11379 is divided by 368?
339
Calculate the remainder when 46150 is divided by 746.
644
Calculate the remainder when 15016 is divided by 751.
747
What is the remainder when 132299 is divided by 350?
349
What is the remainder when 6748 is divided by 6748?
0
Calculate the remainder when 1792 is divided by 1792.
0
C